p(t) = -t**3 + 8*t**2 - 2*t + 14. Let u be p(8). Let k = 4 - u. Calculate the highest common divisor of k and 3.
3
Let t(h) = -h**2 - 33*h + 528. Let i be t(-40). What is the greatest common divisor of 48 and i?
8
Let j be 1*(-2 - (8 - 44)). What is the greatest common factor of j and 14?
2
Let y be (-64)/(-10) - 34/85. Suppose m = 5*x + y, 93 = -0*m + 4*m + 3*x. Calculate the highest common factor of m and 231.
21
Let p be (288/112)/(1/14). Let f = 14 + -5. What is the highest common divisor of f and p?
9
Let w(o) = o**3 - o**2 - 4*o - 3. Let b be w(5). Suppose -294 + b = -7*y. What is the highest common divisor of 341 and y?
31
Let r(a) = 35*a**2 - 2*a - 1. Let x be r(-1). Suppose -17*i = -21*i + 2*v + 92, -4*i - 2*v + 100 = 0. What is the highest common factor of i and x?
12
Let r be ((-18)/8)/(9/(-24)). Let g be (4/5)/((-20)/(-50)). What is the greatest common divisor of r and g?
2
Let l be (-18 - (1 + -1))*(0 + -1). Suppose 3*y - 31 = -4. What is the greatest common divisor of y and l?
9
Suppose 208 = 3*m + 13. Suppose g - 4*p = 20, 5*g - 3*p - 42 = -10. Suppose 0 = 8*y - g*y - 52. Calculate the greatest common factor of m and y.
13
Let j(t) = 2*t**2 - 39*t - 74. Let q be j(22). Let g = 108 + -54. What is the highest common divisor of g and q?
18
Let q = 5717 + -5689. Let s(b) = 57*b**3 - b**2. Let d be s(1). Calculate the highest common factor of q and d.
28
Let w be 0 + ((-156)/(-3))/(-2). Let o = w + 48. What is the highest common divisor of o and 55?
11
Suppose 53 = 4*c - z - 15, -2*c = -z - 32. Suppose 0 = -2*a + a - 10. Let h be (-14)/a - 3/(-5). What is the greatest common factor of c and h?
2
Let v(n) = n**2 + 11*n + 12. Let r be v(-10). Suppose r*j + j = 168. Calculate the highest common divisor of 14 and j.
14
Let p be 5/3 - (-9)/27. Suppose 113 = 4*s + 5*w, 3*s = 4*s - 4*w - p. Calculate the highest common divisor of 242 and s.
22
Let p be 3/(-6) + (-4)/8. Let i be 28 + (3 - 7) - p*1. Calculate the highest common factor of 125 and i.
25
Let c(w) = 35*w**2 + 2*w - 35*w**2 + 6 + 32*w**2. Let f be c(-2). Calculate the highest common divisor of 52 and f.
26
Let r(k) = -k**2 - 10*k - 12. Let y be r(-8). Let z be (-3)/6*-10 + -4. Let b be 3 + -1 + z + 1. What is the greatest common divisor of y and b?
4
Suppose -2052 = -q - 4*v, 2*v = 2*q - 1037 - 3077. Calculate the highest common factor of 8 and q.
8
Let t = -27 + 30. Suppose -t*d = 2*m - 4*m - 18, -2*m - 26 = -5*d. What is the highest common divisor of 32 and d?
4
Suppose d = 0, -19*d = -4*c - 22*d + 4424. Calculate the greatest common divisor of 14 and c.
14
Let p be 68/(-17) - (-1248)/2. Let x = p + -18. Suppose 476 = 4*i - 4*l, i + 4*i = -2*l + x. What is the highest common divisor of 15 and i?
15
Suppose -5*j + 364 = 4*l - 20, 382 = 5*j + 2*l. What is the greatest common factor of j and 874?
38
Let z be (-9)/12*(39 + -3). Let f = z + 41. Calculate the greatest common divisor of 56 and f.
14
Let f be (-3 - 0) + (-7 - -11). Suppose -f = y - 2. Let w be -2 - (-84 - (1 + y)). Calculate the highest common divisor of 56 and w.
28
Suppose -3*s - 2*b + 0*b = -180, -3*s + 3*b + 180 = 0. Suppose -3*m = -m - s. What is the highest common divisor of m and 50?
10
Suppose 30 + 22 = 4*u. What is the highest common factor of u and 611?
13
Let d be ((-1 - 1) + 3111/102)*16. Calculate the highest common divisor of 24 and d.
24
Let m(g) = -g**3 - 12*g**2 + 13*g + 5. Let v be m(-13). Suppose 2*f = v*f - 9. Suppose 6 - 90 = -f*r. What is the highest common factor of r and 7?
7
Let f = 30 - 25. Suppose f*i - i - 3*v - 148 = 0, -3*i = v - 124. Calculate the greatest common factor of 60 and i.
20
Let w(n) = -16*n - 4. Let c be w(-2). Let h = 5 + 3. Suppose 2*m = -0*m + h. What is the greatest common factor of m and c?
4
Let y = 281 - 11. Calculate the highest common divisor of y and 162.
54
Let c = 2535 - -46. Calculate the greatest common divisor of c and 89.
89
Let c be (-3)/4 - (-2775)/20. Suppose -7*w + 4*w + c = 0. Calculate the greatest common factor of w and 115.
23
Let p = 24 + 2. Suppose 3*b = b - r + p, -2*b + 34 = 5*r. Suppose -2*f + 2 = -46. What is the greatest common factor of b and f?
12
Let b = 238 - 148. Let r(v) = -11*v**3 - 2*v**2 - 2*v - 1. Suppose 2 = 2*i + 4. Let k be r(i). What is the greatest common divisor of k and b?
10
Suppose 0 = 16*s - 24 - 24. What is the greatest common factor of s and 207?
3
Let k be 3 + (-19746)/(-81) - 2/(-9). What is the highest common divisor of k and 38?
19
Suppose 0*a + a = 3. Let q be 1*(-6 + a) - -5. Let o be q/7 + (-104)/(-28). What is the greatest common factor of 16 and o?
4
Let t be (33 + 1)*(-3)/6. Let f = -47 - t. Let w = f + 35. Calculate the highest common factor of 25 and w.
5
Let p(l) = l + 79. Let g be p(0). Suppose y + g - 4 = 5*f, 0 = -f + y + 11. Suppose c + f = 5*c. What is the greatest common divisor of c and 28?
4
Suppose 2*q + 5 = 3*q. Suppose h = q*h - 168. What is the greatest common factor of 105 and h?
21
Suppose 4*h + 527 = 67. Let m = h - -129. Calculate the greatest common factor of 28 and m.
14
Let s(x) = -x**3 + 7*x**2 + 32*x + 15. Let q be s(10). Calculate the highest common divisor of 140 and q.
35
Let c = -138 - -229. Let w = -9 + 22. What is the greatest common factor of w and c?
13
Suppose -3*b + 475 = 4*m, -2*m = 5*b - 0*m - 815. Let u = 165 + -150. What is the highest common factor of u and b?
15
Let n = -249 + 329. Calculate the highest common factor of n and 128.
16
Let j be 3/(-6) - 12/(-8). Let h be (33/(-22))/(j/(-32)). What is the greatest common divisor of 32 and h?
16
Suppose -4*n = -2*d + 32, -5*n - 31 = -2*d + d. Let g = 124 - 85. Suppose g + 111 = 5*j. Calculate the highest common divisor of d and j.
6
Suppose -82 = -2*u - 20. Suppose 447 = 8*d - 1289. What is the highest common factor of u and d?
31
Let h be (0 - -12)*(-8)/(112/(-35)). What is the greatest common factor of h and 6?
6
Let b(q) = -3*q - 2. Let j be b(1). Let t be (-3 + 0 - j) + 5. What is the highest common factor of 1 and t?
1
Let t be (-1)/((-11)/97) - (-2)/11. Let i(y) = y**3 - 5*y**2 + 5*y + 6. Let v be i(6). What is the greatest common divisor of v and t?
9
Suppose 3*o + 3*q = 573, 4*o + 2*q + 0*q - 774 = 0. Calculate the greatest common factor of 56 and o.
28
Suppose 46*w = 21*w + 975. Calculate the greatest common factor of 546 and w.
39
Let u(m) = m + 3. Let k be u(-3). Let b be 6 - (2 + k)*-1. Let t be 1/((-5)/(-6))*(-640)/(-12). Calculate the greatest common divisor of t and b.
8
Let p(a) = -a + 75. Let n be p(26). Calculate the highest common divisor of 154 and n.
7
Suppose -81 = -5*k - 2*j, -4*k - 9*j + 6*j = -69. Calculate the greatest common divisor of k and 315.
15
Suppose 169*d = 151*d + 918. What is the highest common divisor of d and 561?
51
Suppose 2*j + 150 = 5*s, 3*s + 4*j = 4*s - 30. Suppose y = -4*d + 45, 3*d - 4*y - s = -1. What is the highest common divisor of d and 44?
11
Suppose 0 = 12*c - 460 - 260. Calculate the greatest common factor of c and 48.
12
Suppose 4*t - 3 = 3*t. Let s = 9 - 6. Suppose f + 0*f = y - 11, -s*y - t*f = -3. What is the highest common divisor of 54 and y?
6
Let t = 24 - 9. Let l = -14 + t. Let p be 22 + ((-1)/l - -3). What is the greatest common factor of p and 12?
12
Let t be 0 + 3 + -7 + 0 + 19. What is the highest common divisor of 285 and t?
15
Let a be 22*(-2 - (15/(-2) + 5)). What is the highest common factor of 737 and a?
11
Let z(p) = -4*p - 4. Let j be z(-1). Suppose 59 = -5*q + b - j*b, 0 = 2*b + 2. Let v = q + 24. Calculate the greatest common divisor of v and 4.
4
Let h(g) = g**3 + 40*g**2 - 10*g + 32. Let r be h(-40). What is the highest common factor of 54 and r?
54
Let m be 5/(10/(-6)) - -16. Let l = m + -11. Let a be 35 + l/(3/(-3)). Calculate the greatest common factor of 3 and a.
3
Let h be (2/(-6)*2)/((-16)/72). Let y be h + -1 - ((-3)/(-1) - 243). Calculate the greatest common divisor of y and 22.
22
Suppose -2*j - 3*q + 296 = 0, 2*j + 5*q = 8*q + 284. What is the greatest common divisor of 116 and j?
29
Let c be 2*2*2*1. Suppose -4*y = -5*g + 4*g - 133, 100 = 5*y + 12*g. Calculate the highest common divisor of c and y.
8
Suppose 2*r + 659 - 2849 = 0. What is the greatest common divisor of r and 15?
15
Let v = 171 - -126. What is the highest common divisor of 